- (6 - 5)). Let m be (-15)/6*(x + 15). Give i(m).
18
Let y(k) = 2*k**2 + 9*k - 26. Suppose 0 = 8*t + 467 - 411. What is y(t)?
9
Let p(i) = i**2 - 3*i - 6. Let m be p(4). Let u be 10*(-7)/m*2/14. Suppose k - 20 = 5*o + 3*k, -k = u. Let w(t) = 2*t**2 + 2*t + 2. What is w(o)?
6
Let v be 1/4 + 5500/(-880). Let m(o) = 8*o + 69. Determine m(v).
21
Let j(h) = -2*h - 34. Suppose -41*i - 60 = -38*i. What is j(i)?
6
Let g(q) = 17*q**2 - q + 2. Let m(s) = -186*s**2 + 23*s - 39. Let b(v) = 11*g(v) + m(v). Suppose 25 = 3*n + 2*n, -z - 8 = n. Calculate b(z).
-4
Let y(q) be the second derivative of -13*q**3/3 - 3*q**2/2 - 15*q + 15. Determine y(-3).
75
Let v(x) be the first derivative of x + 64 + 5/2*x**2 + 1/3*x**3. Determine v(-5).
1
Let v(k) = 1396*k + 5*k**2 + 2*k**2 - 696*k + k**3 + 4 - 697*k. Let r = -131 - -124. Calculate v(r).
-17
Let i = 55 + -51. Let b(v) = 23*v + 13. Let m be b(i). Let c(t) = 10*t - 51 + m - 55. Determine c(-1).
-11
Let x(s) = -2 - 73084*s**2 + 4 + 3*s + 73091*s**2. Let p(t) = -2*t**2 + 3*t. Let w be p(2). What is x(w)?
24
Let i(r) = -6*r**2 - r. Let n be i(1). Let z(g) = -13*g - 15. Let a(b) = 179*b + 201. Let h(t) = a(t) + 14*z(t). Determine h(n).
12
Let r(k) be the second derivative of -2*k**5/15 + k**4/24 + 7*k**2/2 - 8*k. Let c(d) be the first derivative of r(d). Let z = 790 - 789. What is c(z)?
-7
Let l(i) = -i**3 + 5*i**2 - 5*i + 3. Let y(g) = g**3 + 7*g**2 - 10*g - 11. Let d be y(-8). Let o = -55 - d. Let c be ((-6)/5)/(18/o). Calculate l(c).
-1
Let n(y) = -2*y**2 + 4*y + 1. Let m(h) be the first derivative of -9*h**2/2 + 40*h - 64. Let x be m(4). Determine n(x).
-15
Let u be (-7)/(-28)*4*0. Suppose -2*k + 28 - 38 = u. Let m(d) = 2*d - 3. What is m(k)?
-13
Let j(a) = -a**3 - 9*a**2 - a + 13. Let o = 4146 + -4155. Calculate j(o).
22
Let t(g) = -3 - 48702*g + 24361*g + 24363*g + 2*g**3 - 14*g**2. Give t(4).
-11
Let d(k) = 0*k**2 + 5*k**2 - k**3 + k**2 - 20*k - 15 + 16*k**2. Let r be d(21). Let o(v) = -v + 11. What is o(r)?
5
Let b(x) be the first derivative of x**3/3 + x**2/2 - 11*x - 165. Calculate b(4).
9
Let s be 1 - -12 - (-120)/(-40). Let i(k) = -13 + 2*k + 6*k + 4 + s. What is i(4)?
33
Let t(k) = 46*k**2 + k. Let x(c) = 70*c + 349. Let p be x(-5). Calculate t(p).
45
Let i(g) = g**2 + 25*g + 54. Suppose 10 = -5*o + 5, -r - o = 3. Determine i(r).
8
Suppose -25*n + 87 = 26*n - 270. Let z(j) = j**3 - 8*j**2 + 4*j + 15. Calculate z(n).
-6
Let b(g) = -5*g**2 + 21*g - 17. Let c(j) = 2*j**2 - 7*j + 6. Let y(i) = 3*b(i) + 8*c(i). Let h = 626 - 606. Suppose 2*s - 10 = 7*s, s + h = -3*p. Give y(p).
-9
Let n(j) = -18 + 11658983*j - 11658940*j + 291. Give n(-6).
15
Let t be (-27)/(-4) + (-3)/(-12). Let b(k) = -4 + 3 + 3 + t*k - 9*k. Let g be -4 + 70/15 - (-66)/(-18). Calculate b(g).
8
Let c(x) = 8 - 26 + 5 + 5*x - 30. Let d be c(17). Let v be (-15)/(-2)*(-28)/d. Let f(l) = l. Determine f(v).
-5
Let q(r) = -r**2 - 25*r - 144. Let b = -8530 + 8515. What is q(b)?
6
Let r(j) be the first derivative of -2/3*j**3 - 49 - 3/2*j**2 - j. Determine r(-3).
-10
Let y = -9112 + 9098. Let n(d) = d**2 + 14*d + 33. Calculate n(y).
33
Let t(v) = -2*v**3 + v**2 + 4*v + 2. Let s = 2489 + -2492. Calculate t(s).
53
Let w(k) = 4*k - 5*k - k. Suppose -41*y = -14*y + 405. Let i be y/(-10)*14/21. Calculate w(i).
-2
Let u(o) be the first derivative of 2*o**2 - 17*o + 1143. Determine u(6).
7
Let s(d) be the first derivative of -2*d**3/3 - 3*d**2/2 - 3*d + 61775. Suppose -3*i = -4 + 10. Calculate s(i).
-5
Let r(x) = -3*x**3 + 22*x**2 + 10*x - 4*x - 23*x**2 + 4*x**3 - 6*x**2. Calculate r(6).
0
Let z(f) = -3*f - 56. Suppose -5293*n + 5342*n = -1372. Determine z(n).
28
Let g(x) be the second derivative of 5*x**4/12 + x**3/3 - x**2 + 4*x + 10. Let f be g(-1). Let k(a) = 4*a**3 + a**2. Calculate k(f).
5
Let t(x) = x**3 + 3*x**2 + 5 - 5*x + 2*x + x. Let w be (55/25)/11*20. Suppose 9*k = -s + 4*k - 29, -w*s - 6 = -2*k. Determine t(s).
-3
Let h(f) = -7*f - 3. Suppose 4*j = 17 - 9. Let g be -17 + 13 + (-4)/j. Let b(o) = -o + 1. Let z(v) = g*b(v) + h(v). Determine z(-9).
0
Let k(r) = -34 + 14*r + 3*r + 32. Let n(u) = 2*u. Let a(c) = -2*k(c) + 18*n(c). Determine a(0).
4
Let f(y) be the second derivative of 5/2*y**2 + 3 - 1/6*y**3 - 28*y. Calculate f(7).
-2
Let r(l) = -l**3 + 6*l**2 + 9*l + 3. Let w(a) = 3*a + 52. Let b be w(-15). Suppose 0 = q - 3*x - b, 9*x - 10*x = 2*q - 14. Calculate r(q).
17
Let q(t) = 14*t**2 - 28*t - 38. Let j(g) = -5*g**2 + 9*g + 13. Suppose -3*f - 169 = -118. Let x(l) = f*j(l) - 6*q(l). What is x(-15)?
7
Let o(z) = -z**2 + 17. Let s be (-356)/(-4) - (1 + -7)/2. Suppose 92 - s = h. Give o(h).
17
Let i(t) = 14*t + 58. Suppose 166*y = -226 - 438. Calculate i(y).
2
Let s(q) be the first derivative of -13*q**2/2 + 14*q - 6029. Give s(3).
-25
Let t be (-5)/440*-11*8. Let v(w) be the second derivative of 2*w**4/3 + w**3/6 - 2*w. Give v(t).
9
Suppose 2*z - 10 = -5*f, 0*f + 5 = -3*f + z. Suppose -4*k = 3*v - 15, 2*v + f*v + k = 10. Let m(l) = -l**2 + 6*l - 3. What is m(v)?
2
Let y = 10401 - 10386. Let q(z) be the first derivative of -9/2*z**2 + 0*z - 1/3*z**3 - y. Determine q(-5).
20
Let j(a) = -21*a - 65*a + 2*a**2 - 19*a + 16 + 110*a. Give j(-4).
28
Suppose -4*y = 2*m - 212, 3*m + 0*m + 4*y - 312 = 0. Let p = 116 - m. Suppose p*t - 7*t = 36. Let q(d) = d**3 - 4*d**2 + d + 4. Calculate q(t).
8
Let m(z) = z**3 - 7*z**2 - z + 9. Let j = -245 - -248. Suppose -2*o + 3*d = -2, 5*d = -j*o + 29 + 12. What is m(o)?
2
Let j(q) = 153*q - 3*q**2 - q**3 - 5*q**2 + 18 + 3 - 160*q. What is j(-7)?
21
Let d(g) = -g**2 + 2*g + 4. Let p(y) = -2*y**3 - 23*y**2 + 10*y - 19. Let b be p(-12). Suppose v + b*l + 12 - 40 = 0, -7 = -4*v + l. Determine d(v).
1
Let o be (-49)/(-18)*(-858)/(-4004). Let n(v) be the second derivative of -o*v**4 + 0 + 1/20*v**5 - 1/6*v**3 + 7/2*v**2 + 23*v. Determine n(7).
0
Let p(n) = 2*n**2 + 86*n + 499. Let f be p(-7). Let u(l) = -l**2 - 12*l - 5. Calculate u(f).
30
Let h = 329 + -327. Let q(f) = -h*f**3 - 4 + 2 - 3573*f + 3572*f + 3*f**2. Calculate q(2).
-8
Let c(g) = -117 - 128 + 379 - 133 + g. Let w(h) = 3*h - 1 + h**2 - 3*h**2 + 3*h**2. Let j be w(-4). What is c(j)?
4
Let c(f) = f**2 + 4*f + 2. Let q(s) be the second derivative of s**3/6 - 72*s. Let o(x) = -c(x) - 2*q(x). Determine o(-6).
-2
Suppose 0 = 38*a + 130*a + 1176. Let t(i) = -2*i**2 - 14*i - 26. Give t(a).
-26
Let f(s) = -s**2 + 3*s + 12. Let d be f(5). Let w(o) = -d*o - 2*o + 15*o - 6*o. Calculate w(-1).
-5
Suppose 4*l - 3*x = 308, 4*l + l - 4*x = 385. Let c = -53 + l. Suppose 6 = -5*h - c. Let q(j) = j**2 + 8*j + 2. What is q(h)?
-10
Let n(m) = 12*m + 1. Let t(o) = -5*o**3 - 3*o**2 - 7*o + 7. Let f be t(-4). Let k = f + -308. Give n(k).
-11
Let i(q) be the first derivative of -q**4 - 2*q**3/3 - q**2/2 + q - 738. Calculate i(1).
-6
Suppose -w - 3*a = -2*w - 3, -2*a = -2*w + 10. Let l(g) = g**3 - 4 + w*g**2 + 7*g - 5 + 8 - 5. Determine l(-8).
2
Let k(a) = -a**2 - 5*a - 4. Let c(z) = z**2 + 4*z + 3. Let n be (12 + -11)*(1 + -5). Let y(l) = n*c(l) - 5*k(l). Determine y(-6).
-10
Let d(v) = v**2 + 7*v - 10. Let i be -2 + (0 - 1) + 49/(2107/(-344)). Calculate d(i).
34
Let a(w) = w**2 + w + 6. Let f = -66 + 69. Let u(i) = i**3 - 2*i**2 - 2*i + 4. Let l be u(f). Let v be (-7)/(l/(-4)) + -4. Determine a(v).
6
Let p(q) = q**3 - 6*q + 15. Suppose 4*i = 4*i + 33*i - 132. Calculate p(i).
55
Let g(h) = 2*h + 15. Let u(c) = -2*c**3 + 30*c**2 - 5*c + 68. Let a be u(15). Determine g(a).
1
Let p(z) = -z**2 - 4227*z + 2112*z + 2117*z. Let o(w) = 2*w - 10. Let r = 11 - 4. Let v be o(r). Determine p(v).
-8
Suppose -328*v + 26*v + 1510 = 0. Let y(s) = 6 - 4*s + s**2 - s + 1 - 2*s. Give y(v).
-3
Let m be (-1 + 1)/(-9 + 7 - 4). Let r(i) = -i**2 + i + 3. Let b be r(m). Let v(d) = -2*d**3 + d**2 + 3*d + 2. What is v(b)?
-34
Let v be (-4)/(-14) + (-3 - (-280)/49). Let z be 2/v*15/10. Let y(d) = 9*d**3 + d**2 - 1. Give y(z).
9
Suppose -4*v = -3*g - 272, v + 5*g = 3*v - 122. Let f be -1 + 68 - (11 - 14). Let m = f - v. Let c(a) = 2*a - 1. Calculate c(m).
-3
Let m = -663 - -665. Let f(l) = -19 + l**2 + 2*l + 0*l**2 + 7 - 2*l - m*l. Determine f(-2).
-4
Let z = -3 - -4. Let k(b) = 48*b**2 + 0*b**2 - 2*b**2 + 2*b**2 - 37*b**2 - 5*b**2 + 2*b - 2. Determine k(z).
6
Let w(r) = 58306 + 2*r + 58305 - 9*r**3 - 116612.